+ (-132 - -391 - 237)
30
Calculate (7 + 102 - (2 + -9 - -15)) + 4.
105
Evaluate 19 + -23 + -41 + 70.
25
Calculate -90 + 167 + 53 - 70.
60
Calculate 0 + (1 - -3) - (-59 + -9 + 13 + 3).
56
Calculate (18 - (13 + 5)) + 21 + 33.
54
What is the value of 2 + 16 - (-18 - (-11 - -12))?
37
What is 2 + 28 + (-4 - 9) + 13 + -5?
25
What is -20 + -29 + (45 - 11) - -29?
14
What is -4 - (14 - 1 - (104 + -101) - -1 - -77)?
-92
What is the value of 4 + ((57 - 60) + 16 + -1 - 2)?
14
Calculate -27 + (36 - 19) - (2 - (2 - 7)).
-17
What is the value of -3 - -123 - (-31 - -128)?
23
Evaluate 12 + -55 - -14 - -69 - -32.
72
Evaluate 3 - (19 + (13 - (-12 + 13)) + (2 - 23)).
-7
What is -5 - ((0 - -23) + -7)?
-21
Evaluate (23 - (19 + (-31 - 10))) + (0 - 1).
44
Calculate (-69 - -30) + -6 + 28 + 25.
8
(-9 - -3) + -21 + (16 + 3 - 12)
-20
What is 11 + 9 + (8 - 5) + -11?
12
Evaluate -65 + (21 - -5) + -4 + 2 + 5.
-36
-1628 + 1655 + 45 + 1
73
What is 26 - (-15 + 41) - -11?
11
What is the value of (-1 - -12) + (141 + (5 - (25 - -3)) - -4)?
133
What is 22 + -5 - -5 - (467 - 465)?
20
What is the value of 62 + -31 + -59 + (2 - 0 - 5)?
-31
What is (172 - 170) + (-5 - -57 - (7 - (2 + 3)))?
52
What is the value of -10 + 2 - (70 - 37 - 45)?
4
Evaluate 151 - 131 - (7 + 22).
-9
What is the value of 983 + -900 + (-72 - 2)?
9
Evaluate -3 + 140 + -1850 + 1743.
30
Calculate 8 + (-23 - (-15 + 29 + -12 + 73)).
-90
What is the value of (-121 - -59) + 31 + 1?
-30
5 + -1 + 24 + 294 + -324
-2
Calculate (54 - (-32 + 48)) + -30.
8
Calculate 0 - -3 - 2 - (16 + -36 + 37 + 4).
-20
What is -1 - -20 - (20 + -25) - (-3183 + 3220)?
-13
What is the value of -1 + -10 + -37 + 56 + 32 + (-2 - -6)?
44
2 - 3 - (-3 + 10 + -36)
28
What is 120 + -3 - 103 - (98 + 0)?
-84
What is the value of 3 - -18 - -3 - (-1215 + 1223)?
16
Calculate (17 - (1 - 0)) + -4 - (-37 + 1).
48
Calculate -27 - (0 + -9 - (-358 + 371)).
-5
What is 13 - -3 - (5 - -7 - (14 - 3))?
15
Evaluate (-5 + -4 - 0) + 1 + -3 + 16 - 48.
-43
Evaluate (-2 - 2) + 62 + (70 - 86).
42
Calculate (0 - 50) + (214 - (152 - -91)).
-79
Calculate (82 - 40) + -42 - ((-3 - -6) + -1 + 108).
-110
Calculate -7 + (-30 - (7 - 29)) - (0 + 0 - 10).
-5
What is -56 - (-48 + 28 - 6)?
-30
(-53 - 39) + 103 - 1
10
Evaluate 1 + 30 + (-3 - -41 - 28).
41
(1 + -4 + (-3 - -10) - 5) + -14
-15
(-40 - (-16 + -124 + 44)) + 42
98
Calculate (6 - -19) + (15 - (3 + -8)).
45
Calculate (171 - (44 - -81)) + -53.
-7
What is -35 - (7 - (-6 - -6)) - (-16 - -9)?
-35
Evaluate -32 + -1 - (943 - 968).
-8
-556 + 585 + (2 - 21) + -66
-56
106 - (27 - -5) - 44
30
Calculate -23 - (-2 - (-10 + 34) - 66).
69
Evaluate -145 - -150 - (70 + -3 + 3 + -5 + 4).
-64
Evaluate 18 + (-81 - (-19 - 2 - -37)) - (2 - -8).
-89
What is 71 - (190 - 54 - 72)?
7
Evaluate (2 - 4) + (-27 - (23 + 36 + -40)).
-48
What is the value of 35 + 2 - (-1 - (20 + -8 + -31))?
19
Evaluate -6 + 40 + -24 + -14 - 24.
-28
-53 + 109 + -139 - -24
-59
What is the value of (-73 - -72) + -62 + 86?
23
What is the value of 6 + 6 + -11 - 46 - (0 + 13)?
-58
(-6 - (-2 - -7)) + (80 - 89)
-20
What is (-8 - (11 + (-20 - 17))) + -5?
13
Calculate -3 + (-71 - 1) + (-16 + 42 - 7 - 11).
-67
What is -44 + (-4 - (13 - (-9 + -21 + 50)))?
-41
Evaluate -504 - -554 - (22 - 19).
47
((16 - 20) + 17 - 3) + -69
-59
What is 67 - (0 + 4 + -2) - (-2858 + 2841)?
82
What is the value of (34 - (8 - -10)) + -80 - (8 - (-1 + 3))?
-70
Evaluate (0 - 14) + (0 - -2) - (-6 + -22).
16
Evaluate (-93 - -63) + 38 + -79.
-71
7 - 7 - -8 - (26 + (-97 - -59))
20
What is the value of -520 - -499 - (-81 - -1)?
59
What is the value of -12 - ((-122 - -134) + -3)?
-21
What is the value of 473 + -501 + (2 - 5) + 23?
-8
Evaluate 0 - 6 - (-14 + (14 - 3)) - (35 - -17).
-55
What is the value of (3 + -3 - 49) + -1 + 1 + -22 + 20?
-51
What is 5 + 3 + 330 + -438?
-100
Evaluate -218 + 311 - ((46 - 8) + -3).
58
What is the value of (35 - 20) + (-78 - -106)?
43
133 + (-140 - -73) - 2
64
Evaluate -71 + (-30 - (60 + -108)).
-53
What is (-10 + 26 + -4 - 17) + -8 + 36?
23
Calculate -76 - (-126 + -14 + 53).
11
Calculate (-36 + 0 - -11) + (-3 - (16 + -25)).
-19
Evaluate -11 + 5 - (42 - 50).
2
What is the value of (-49 - 0) + (25 - (-31 - -32 - -18))?
-43
What is 23 - (12 + 4 + 45) - 21?
-59
What is the value of (-54 - -67) + 5 + (-59 - (-7 - -1))?
-35
-7 + 1 + (30 + -93 - -42)
-27
Evaluate 13 - 9 - -7 - (3 + 2) - (39 + -6).
-27
What is the value of -6 + (-15 - -21) + 9 + -7?
2
Calculate -44 + (8 - 2) + 88 + -139 + 29.
-60
63 + -9 + 1 - (-11 - -4 - -8)
54
48 + (-14 + -17 - -19)
36
What is 13 + 42 + -46 - (-2 + -5) - (0 + 10)?
6
Evaluate -1 + -1 + -55 + 69 + -8 - (-73 + -3).
80
What is the value of -75 + 34 + -7 + (33 - 63)?
-78
What is (-1 - -10) + 0 + (24 - (18 + 9)) - 71?
-65
What is the value of 8 - 0 - ((3 + -3 - 7) + 36 + -27)?
6
-62 + -15 + 42 + -23
-58
10 + 12 + (1 - 5) + 47 + (-3 - 31)
31
What is the value of 94 + -194 + (-5 + 7 - 7) + -6 + 0?
-111
What is -78 + 131 + -66 - -61?
48
What is (-4 - (3 + -3) - 18) + -23 + 30 + -4?
-19
Evaluate (5 - -71) + 332 + -379 - (0 + 12).
17
Evaluate (27 - (14 + 33)) + 30 + 3 + -3 + 3.
13
114 + -87 + 106 - 60
73
Calculate (7 - 5) + (-303 - -336) - -45.
80
Calculate -61 + 4 + (16 + -5 - 10).
-56
Calculate 193 - 69 - 67 - 44.
13
What is the value of (48 - 9) + (-14 - (-2 + -4)) + -6?
25
14 + (-1 - 9) + -6 - -13 - 14
-3
What is (49 - (-5 - -10) - 12) + (-4 - (1 - 6))?
33
(-60 - -27) + 45 + -5 + (-95 - -2) + -8
-94
Evaluate (-63 - -3) + (7 - 17 - -2) + 9.
-59
Evaluate 11 + (-30 - 8 - -2) - (-10 + (23 - 10)).
-28
What is the value of -29 + 23 + 11 + (8 - 60 - 3)?
-50
What is 56 - (252 - 167) - (2 - 139)?
108
Calculate (-53 - -50 - (3 + (-2 - 0))) + (-13 - -1).
-16
What is -18 + 9 + -43 + 5 + (-4 - -12)?
-39
What is the value of (14 - 21) + 117 - 17 - 25?
68
Evaluate (-50 + -10 - -13) + 2 + 0.
-45
101 - ((-8 - -16) + 54)
39
What is the value of 15 - (6 + -1 + 151 + -149) - -48?
56
What is the value of (69 - (-23 - -56) - 40) + 110?
106
Evaluate 59 - ((-27 - -73) + -1).
14
-4 - -1 - (1304 + -1255)
-52
What is the value of (-16 - 86 - 47) + 29 - 11?
-131
Calculate 3 - 3 - (12 - 10 - (-3 + (-9 - -16))).
2
What is 52 - (-494 + 487 + (11 - (0 + 2)))?
50
What is the value of -296 - -311 - (5 + -113 - 1 - -8)?
116
Evaluate -1 - 1 - ((14 - 6 - 14) + -4).
8
Calculate (4 - (0 + -3)) + (0 - 10 - (21 + -51)).
27
Evaluate (-26 - -13 - -43) + -22 - -31.
39
What is the value of -20 + (31 - 19 - 9) + 3 + -39?
-53
-175 + 60 + 77 + 13
-25
Evaluate (252 + -214 - (-2 - -17)) + 25.
48
(-12 - 6) + (244 - 218)
8
82 + -5 + (-9 - (8 + (10 - 23)))
73
-87 - (27 + -52) - -105
43
What is the value of 12 - (329 - 346 - ((-125 - -2) + 4))?
-90
((49 - 21) + -8 - (0 - -12)) + -41
-33
Calculate 2 + -9 - 3 - (6 + (-34 - -9)) - -59.
68
What is 8 + 12 + (-39 - -7) + 35 + -7?
16
-31 + -27 + (9 + 24 - 4)
-29
What is the value of (62 + -86 - (10 - 38)) + 1 + (1 - 3)?
3
What is -61 + (44 + 33 - 15)?
1
36 + (16 - -27 - -4) + 47
130
Calculate 17 + (15 - (-15 - -49)).
-2
4 + 117 + -32 + -89
0
What is -4 - (-166 - -118 - -39 - (2 + 97 + 0))?
104
Evaluate 0 + -93 - (80 - (102 + 13)).
-58
What is -4 + -69 + 154 + 2 + (-1 - 2)?
80
Evaluate 10 - 9 - (19 + -23) - (-1 + -10 + 1).
15
1 - (39 + (2 - 13 - (-102 - -105)))
-24
What is -24 + 75 + -61 + 14?
4
What is the value of (1 - 70) + (-16 + (-14 - -17) - -6 - -12)?
-64
What is -38 + 27 + 10 + 137 + -139?
-3
Evaluate 15 - ((-1 - -21) + (23 - 30)).
2
What is the value of (-87 - -2) + 0 + -1 + 30 + -16?
-72
-7 + (-229 + 94 - -116)
-26
Calculate -822 + 678 + 8 + 257.
121
Evaluate -13 + (12 - 19) - (14 + -51).
17
Evaluate 44 - (-3 + 8 + 83) - (6 - 0).
-50
33 + -2 - (0 - (11 + -18 + 8))
32
Calculate 17 + -60 + (22 - -4) - 45.
-62
Evaluate -6 - ((-16 + 7 - 19) + (15 - 2)).
9
Evaluate 493 + -493 - (2 + -54 + (-2 - -5)).
49
What is the value of 42 - (-43 + (-47 - -135))?
-3
What is the value of 73 + (-1 + -52 - (1041 + -1067))?
46
5 + (-3 + 3 - 17) + (-3 - -4) - -12
1
Evaluate -1 + -72 + (30 + 6 - 31) + (2 - -1).
-65
-90 + 1 + -92 + 191
10
Calculate -65 - (1 - (22 - -2)) - (3 + -15).
-30
What is (-163 - -125) + 31 + 0?
-7
Evaluate (-5 - (-20 + 17 + 8)) + -8.
-18
What is the value of -37 + (28 - (39 - (73 - 36)))?
-11
(-45 + 91 - 68) + 0 + -65
-87
What is the value of -7 + 9 + (-8 - 1) - (8